e prime factors of 1732.
2, 433
List the prime factors of 2123.
11, 193
What are the prime factors of 13310?
2, 5, 11
List the prime factors of 2062.
2, 1031
List the prime factors of 880.
2, 5, 11
List the prime factors of 1331.
11
What are the prime factors of 3320?
2, 5, 83
What are the prime factors of 46107?
3, 47, 109
List the prime factors of 3737.
37, 101
What are the prime factors of 419?
419
List the prime factors of 10276.
2, 7, 367
What are the prime factors of 5106?
2, 3, 23, 37
List the prime factors of 1733.
1733
What are the prime factors of 30643?
30643
List the prime factors of 38698.
2, 11, 1759
List the prime factors of 7511.
7, 29, 37
List the prime factors of 8078.
2, 7, 577
List the prime factors of 2504.
2, 313
What are the prime factors of 98300?
2, 5, 983
What are the prime factors of 29361?
3, 9787
What are the prime factors of 1973?
1973
What are the prime factors of 1304?
2, 163
What are the prime factors of 1171?
1171
What are the prime factors of 58984?
2, 73, 101
List the prime factors of 4452.
2, 3, 7, 53
What are the prime factors of 7498?
2, 23, 163
What are the prime factors of 1449?
3, 7, 23
What are the prime factors of 27078?
2, 3, 4513
List the prime factors of 9985.
5, 1997
What are the prime factors of 62174?
2, 7, 4441
List the prime factors of 5207.
41, 127
List the prime factors of 5370.
2, 3, 5, 179
List the prime factors of 2086.
2, 7, 149
List the prime factors of 765.
3, 5, 17
List the prime factors of 107938.
2, 29, 1861
List the prime factors of 9643.
9643
List the prime factors of 1032.
2, 3, 43
List the prime factors of 4830.
2, 3, 5, 7, 23
List the prime factors of 4002.
2, 3, 23, 29
List the prime factors of 18690.
2, 3, 5, 7, 89
List the prime factors of 2051.
7, 293
What are the prime factors of 5671?
53, 107
What are the prime factors of 299?
13, 23
List the prime factors of 11265.
3, 5, 751
List the prime factors of 1480.
2, 5, 37
What are the prime factors of 31281?
3, 10427
What are the prime factors of 116557?
7, 16651
List the prime factors of 104459.
104459
What are the prime factors of 2827?
11, 257
List the prime factors of 960.
2, 3, 5
List the prime factors of 130296.
2, 3, 61, 89
What are the prime factors of 1239?
3, 7, 59
List the prime factors of 85673.
7, 12239
What are the prime factors of 1203?
3, 401
List the prime factors of 1137.
3, 379
List the prime factors of 1070.
2, 5, 107
List the prime factors of 20593.
20593
List the prime factors of 2838.
2, 3, 11, 43
What are the prime factors of 43148?
2, 7, 23, 67
List the prime factors of 135.
3, 5
What are the prime factors of 573?
3, 191
List the prime factors of 2058.
2, 3, 7
What are the prime factors of 91456?
2, 1429
List the prime factors of 2226.
2, 3, 7, 53
What are the prime factors of 40686?
2, 3, 6781
What are the prime factors of 2184?
2, 3, 7, 13
What are the prime factors of 8914?
2, 4457
What are the prime factors of 3079?
3079
List the prime factors of 22138.
2, 11069
List the prime factors of 2355.
3, 5, 157
What are the prime factors of 40051?
11, 331
What are the prime factors of 2784?
2, 3, 29
List the prime factors of 18597.
3, 6199
What are the prime factors of 581?
7, 83
List the prime factors of 1414.
2, 7, 101
What are the prime factors of 1721?
1721
List the prime factors of 1358.
2, 7, 97
What are the prime factors of 9108?
2, 3, 11, 23
List the prime factors of 8395.
5, 23, 73
What are the prime factors of 17519?
17519
What are the prime factors of 71786?
2, 11, 13, 251
List the prime factors of 1196.
2, 13, 23
List the prime factors of 21606.
2, 3, 13, 277
What are the prime factors of 12215?
5, 7, 349
List the prime factors of 13542.
2, 3, 37, 61
List the prime factors of 4725.
3, 5, 7
List the prime factors of 45263.
45263
List the prime factors of 5205.
3, 5, 347
What are the prime factors of 262?
2, 131
What are the prime factors of 2991?
3, 997
List the prime factors of 6596.
2, 17, 97
List the prime factors of 9651.
3, 3217
List the prime factors of 30057.
3, 43, 233
What are the prime factors of 22293?
3, 2477
What are the prime factors of 2259?
3, 251
What are the prime factors of 9376?
2, 293
List the prime factors of 150394.
2, 29, 2593
List the prime factors of 17440.
2, 5, 109
What are the prime factors of 12875?
5, 103
List the prime factors of 632.
2, 79
List the prime factors of 41.
41
What are the prime factors of 39687?
3, 13229
List the prime factors of 4498.
2, 13, 173
List the prime factors of 1575.
3, 5, 7
List the prime factors of 3058.
2, 11, 139
What are the prime factors of 654?
2, 3, 109
List the prime factors of 2245.
5, 449
What are the prime factors of 934?
2, 467
List the prime factors of 38175.
3, 5, 509
What are the prime factors of 2327?
13, 179
What are the prime factors of 27320?
2, 5, 683
List the prime factors of 11766.
2, 3, 37, 53
What are the prime factors of 938?
2, 7, 67
List the prime factors of 124277.
124277
What are the prime factors of 9241?
9241
List the prime factors of 1517.
37, 41
What are the prime factors of 20282?
2, 10141
List the prime factors of 9262.
2, 11, 421
What are the prime factors of 5455?
5, 1091
List the prime factors of 2513.
7, 359
What are the prime factors of 4255?
5, 23, 37
List the prime factors of 40349.
157, 257
What are the prime factors of 14529?
3, 29, 167
List the prime factors of 1993.
1993
What are the prime factors of 14627?
14627
What are the prime factors of 21375?
3, 5, 19
List the prime factors of 39847.
39847
List the prime factors of 17032.
2, 2129
What are the prime factors of 2955?
3, 5, 197
What are the prime factors of 4075?
5, 163
List the prime factors of 13044.
2, 3, 1087
List the prime factors of 49719.
3, 16573
List the prime factors of 1421.
7, 29
List the prime factors of 30810.
2, 3, 5, 13, 79
What are the prime factors of 114?
2, 3, 19
What are the prime factors of 1234?
2, 617
What are the prime factors of 2382?
2, 3, 397
What are the prime factors of 103682?
2, 47, 1103
List the prime factors of 233.
233
What are the prime factors of 3699?
3, 137
List the prime factors of 7861.
7, 1123
What are the prime factors of 19687?
19687
What are the prime factors of 3386?
2, 1693
List the prime factors of 32840.
2, 5, 821
List the prime factors of 385.
5, 7, 11
List the prime factors of 23325.
3, 5, 311
What are the prime factors of 42460?
2, 5, 11, 193
List the prime factors of 28851.
3, 59, 163
List the prime factors of 1500.
2, 3, 5
What are the prime factors of 22828?
2, 13, 439
What are the prime factors of 3031?
7, 433
List the prime factors of 2237.
2237
List the prime factors of 957.
3, 11, 29
List the prime factors of 1679.
23, 73
What are the prime factors of 700?
2, 5, 7
List the prime factors of 1271.
31, 41
List the prime factors of 760.
2, 5, 19
What are the prime factors of 12176?
2, 761
What are the prime factors of 17830?
2, 5, 1783
List the prime factors of 571.
571
What are the prime factors of 3667?
19, 193
List the prime factors of 758.
2, 379
What are the prime factors of 41189?
41189
List the prime factors of 1515.
3, 5, 101
What are the prime factors of 9364?
2, 2341
What are the prime factors of 8421?
3, 7, 401
List the prime factors of 51459.
3, 17, 1009
List the prime factors of 4086.
2, 3, 227
What are the prime factors of 3122?
2, 7, 223
What are the prime factors of 12575?
5, 503
List the prime factors of 8547.
3, 7, 11, 37
List the prime factors of 28.
2, 7
List the prime factors of 27193.
71, 383
What are the prime factors of 216?
2, 3
List the prime factors of 704.
2, 11
What are the prime factors of 48589?
48589
What are the prime factors of 1202?
2, 601
What are the prime factors of 28643?
28643
What are the prime factors of 10775?
5, 431
What are the prime factors of 11500?
2, 5, 23
What are the prime factors of 1825?
5, 73
What are the prime factors of 52074?
2, 3, 11, 263
List the prime factors of 933.
3, 311
List the prime factors of 169.
13
List the prime factors of 695.
5, 139
List the prime factors of 910.
2, 5, 7, 13
What are the prime factors of 15809?
15809
What are the prime factors of 967?
967
List the prime factors of 69120.
2, 3, 5
What are the prime factors of 29963?
19, 83
What are the prime factors of 2307?
3, 769
List the prime factors of 187